-12))/1)/(2/(-135)). Suppose -23 + 7 = -2*d - 2*z, 0 = 4*d - 4*z. Let s = d + 56. What is the greatest common divisor of s and j?
30
Let y(u) = -2*u**3 - u**2 - u + 50. Let n be y(0). What is the greatest common divisor of n and 100?
50
Let l be 12 + 1 + 306/6. What is the highest common factor of 288 and l?
32
Let j = 7165 - 6672. What is the greatest common divisor of 203 and j?
29
Let g be (48/14)/((321/214)/((-21)/(-2))). What is the highest common divisor of g and 304?
8
Let o be ((-12)/(-10))/((-12)/(-1710)). Suppose 0 = -3*q + 5*p + 141, 3*p = -4*q + 4*p + o. What is the highest common divisor of q and 336?
42
Let q = 636 - 453. Let y = 159 + 146. Calculate the highest common factor of q and y.
61
Suppose 434304 = 86*x - 17*x + 18*x. Calculate the greatest common factor of x and 13.
13
Let a be ((-12)/10)/((-12)/80). Suppose a + 10 = 6*y. Let v be -5 + -1*(-5 + y) - -14. Calculate the greatest common factor of 77 and v.
11
Let g = -27181 - -27230. Calculate the greatest common divisor of g and 2009.
49
Let w = 6 - 2. Let c(h) = h**3 - 30*h**2 + 30*h. Let a be c(30). Suppose -3*l - a = -28*l. Calculate the greatest common factor of w and l.
4
Let r = 2654 + -2643. Suppose 0 = 5*q - 1074 + 29. Calculate the greatest common factor of q and r.
11
Let s(u) = -5*u + 4. Let k be s(-6). Let t(m) = -11*m - 22. Let d be t(-3). Suppose 5*b - d*b = -1632. What is the greatest common divisor of b and k?
34
Let q = -70 - -102. Let n = -491 - -571. What is the highest common factor of q and n?
16
Let m = 5 - -1. Suppose 0 = 6*k - 357 - 447. Suppose -x - 3*r + 34 = -2*r, -4*r = -5*x + k. Calculate the highest common divisor of m and x.
6
Let t = 6 + -6. Suppose t = 4*x + 2*h - 16, 7*x - 4*x - 5*h - 38 = 0. Suppose 0 = -0*d + x*d - 60. What is the highest common factor of d and 2?
2
Let x be (3 - (2 + -1))*270. Suppose x = 5*m + m. Suppose j - 73 = -4*i, 4*i + 16*j - 12*j = 76. What is the highest common factor of m and i?
18
Let z = -825 + 395. Let a = -380 - z. Calculate the greatest common divisor of a and 1150.
50
Let t be (-28 + 47 - 20)*83*-17. What is the highest common divisor of 17 and t?
17
Let c be (-10)/15 + (-994)/(-9)*(-57)/(-38). Let w(u) = -u**2 - 8*u. Let q be w(-5). What is the highest common divisor of q and c?
15
Let w be (18/21)/(6/28). Suppose 0 = -w*l + 4 + 8. Suppose -52 - 59 = -l*f. Calculate the highest common divisor of 37 and f.
37
Let t be (1105/39)/(35/1638). Calculate the greatest common factor of t and 510.
102
Let w(u) = -u**2 + 7*u - 9. Let t be w(6). Let p = t - -4. Let z(n) = n**3 + 12*n**2 + 23*n - 67. Let l be z(-6). What is the highest common divisor of l and p?
1
Let j be 122/61*188/2. What is the greatest common divisor of j and 6016?
188
Suppose -2*h + l + 196 = 0, 40*l = -h + 44*l + 98. Let r be (-2)/3 + 222/9. Let z = r + -10. What is the highest common divisor of h and z?
14
Let x be (-1 - -1 - -4)*1. Let p(v) = 5*v**3 - 7*v**2 - 8*v + 11. Let y be p(x). Calculate the highest common factor of y and 51.
17
Suppose -510 = 4*w + 570. Let o = -128 - w. Suppose 5*c - o = 103. What is the greatest common factor of 7 and c?
7
Let s be 28/12 - (4/(-6) - -1). Suppose s*f + 22 = f. Let t(r) = r**3 + 20*r**2 - 44*r + 18. Let j be t(f). Calculate the greatest common divisor of j and 9.
9
Let b = -1649 - -3349. Calculate the highest common divisor of 100 and b.
100
Let c(n) = -9*n**2 + 4*n - 2. Let d be c(3). Let a = -37 - d. Calculate the highest common divisor of 85 and a.
17
Suppose 8*q - 7*q - 126 = 5*p, 5*q - 3*p = 630. Suppose -4*k + 8 = -8. Suppose 0 = -k*s + 20 + 36. Calculate the highest common factor of s and q.
14
Let m be (3 + 1)*50/8. Let a(f) = f**2 - 206*f + 8768. Let c be a(149). What is the greatest common factor of c and m?
25
Let c = 77 + -30. Suppose -c = -3*a + 4. What is the greatest common factor of a and 459?
17
Suppose 26*w - 1153 = 1503 - 2344. Let m = -55 + 121. What is the greatest common divisor of w and m?
6
Let f(l) = l**3 + 7*l**2 + 3*l + 25. Let i be f(-6). Suppose -3*k = 34 - i. Calculate the greatest common factor of k and 3.
3
Let f = 119 - 81. Let h(r) = -11*r - 325. Let k(p) = -6*p - 160. Let t(g) = -2*h(g) + 5*k(g). Let w be t(-33). Calculate the highest common factor of f and w.
38
Let m = 13577 - 13406. What is the highest common factor of 981 and m?
9
Let n(h) = -58 + h**3 - 2*h + 2*h + 30 - h**2. Let u be n(0). Let j = -15 - u. What is the highest common divisor of j and 13?
13
Suppose -3*f + 172 + 5 = 3*l, 5*l = 3*f + 311. Let t = l + -60. What is the highest common divisor of 11 and t?
1
Let y(d) = d - 4. Let q = -15 + 21. Let m be y(q). Let s be (-44)/(-3 + m - 1). What is the highest common factor of 88 and s?
22
Let r be (-2)/(-26) - (-4236)/26. Suppose r*x + 266 = 170*x. Calculate the highest common divisor of x and 209.
19
Suppose 4395 - 2690 + 4215 = 148*o. Suppose r - 7 = -2. What is the highest common divisor of r and o?
5
Let l be -20 + 24 + (-24700)/((-4)/2). Calculate the greatest common divisor of l and 174.
174
Let d(i) = -i**2 - 31*i - 76. Let j = 22 - 47. Let o be d(j). What is the greatest common factor of 666 and o?
74
Let v = 7 + -124. Let u = 1895 + -1913. Let q be v/(-6)*(-12)/u. What is the highest common divisor of q and 13?
13
Suppose -42*o - 164 = 5*i - 978, -3*i - 5*o = -145. Let x = 23 + 5. Calculate the greatest common divisor of i and x.
4
Let n(q) = 230*q - 468. Let b be n(6). Calculate the highest common factor of b and 380.
76
Let j(g) = g**3 + 5*g**2 - 11. Let z be j(-4). Suppose -12*q = -499 - z. What is the highest common factor of q and 28?
14
Let k(m) = 3*m + 3. Let c be k(3). Suppose 0 = -4*n - 5*z + 311, 2*n = -5*z + 339 - 196. Calculate the highest common factor of n and c.
12
Suppose -64785 = -22*d + 9399. What is the greatest common divisor of d and 8?
4
Let p be 1172*1/(-9) - (-2)/9. Let k = p + 136. What is the highest common divisor of 12 and k?
6
Let m be (1 - -30928)*(-25 - (-1508)/58). Calculate the highest common divisor of 197 and m.
197
Let c(t) = -4*t - 3. Let p be c(-18). Suppose 10 = 2*z, -g - 4*z = -z - p. Let j = g - 29. Calculate the highest common factor of j and 25.
25
Let j(h) = 167*h**3 - 165*h + 712. Let v be j(4). What is the greatest common divisor of 12 and v?
12
Let o = 2338 - 2032. Calculate the highest common divisor of o and 46818.
306
Let w = -22 - -78. Let z(j) = 2*j**2 - 24*j - 81. Let p be z(19). Let s = -157 + p. Calculate the greatest common factor of s and w.
28
Let j = -16 - -81. Let q = -253 + 282. Suppose -51 = -4*c + v, 0 = 2*c + 2*v + v - q. What is the greatest common factor of c and j?
13
Let m(b) = -4*b**2 + 38*b - 27. Let z(i) = -11*i**2 + 114*i - 79. Let d(k) = 17*m(k) - 6*z(k). Let t be d(-19). What is the highest common factor of 9 and t?
3
Let h(d) = 7*d - 1. Let n be h(3). Let t(r) = -787*r - 10438. Let j be t(-14). Calculate the greatest common divisor of j and n.
20
Let r(g) = 54*g**2 - 65*g - 1018. Let z be r(-8). What is the highest common divisor of 1392 and z?
174
Suppose -4*z + 84 + 360 = 4*j, 2*j - 231 = z. What is the greatest common factor of j and 760?
38
Let o = 3349 - 2977. What is the greatest common factor of o and 4?
4
Suppose 4*j - 262 = -u + 103, 0 = -5*u - 2*j + 1879. Suppose 143*a - 1595 = 88*a. Calculate the greatest common factor of u and a.
29
Suppose -2*j = 2*h + 782, 5*h - 92 - 281 = j. Let d = 536 + j. Calculate the highest common divisor of d and 222.
74
Let h = -56 + 61. Suppose a + 22 = -5*w + 65, -h*a - 10 = 0. What is the greatest common divisor of w and 117?
9
Suppose -15*c + 40248 = 11*c. Calculate the highest common factor of 688 and c.
172
Let z be (-3735)/(-18) + 9 - ((-1)/(-2))/1. Calculate the highest common factor of z and 48.
24
Let o = 257 + -167. Let j be 4*(o/36 + (-6)/(-8)). Calculate the highest common divisor of j and 52.
13
Let w be (6/(-4))/(((-15)/(-18))/(-5)). Let k be 7/(28/164) + 3*1. Let r = 50 - k. What is the highest common factor of r and w?
3
Let p = -6524 - -6642. Calculate the greatest common divisor of p and 6962.
118
Suppose -12987 - 36438 = -109*l + 65897. Calculate the greatest common divisor of 828 and l.
46
Suppose p - b - 6513 = 0, -126*p - 2*b = -123*p - 19519. Calculate the highest common factor of 1415 and p.
283
Let 